 -2*r - 2 = -0. Suppose -2*y + y + 3*s + 14 = 0, 28 = 4*y - 5*s. What is the remainder when y is divided by (r + 4)*6/9?
0
Suppose -2*u = -7*u + 105. Suppose 5*t - 86 = -4*r + 3, t = -4*r + u. Let q(y) = y**3 - 8*y**2 - 6*y + 6. What is the remainder when q(9) is divided by t?
16
Let v(h) be the third derivative of h**6/120 + h**5/5 + 11*h**4/24 + h**3 - 8*h**2. Calculate the remainder when 15 is divided by v(-11).
3
Let l(s) = 2*s**2 - 6*s - 4. Let d = 35 - 24. Calculate the remainder when l(6) is divided by d.
10
Let t = 95 - 88. Calculate the remainder when 20 is divided by t.
6
Suppose 5*q + s = 504, -2*s - 44 = -2*q + 160. Calculate the remainder when q is divided by 27.
20
Suppose 4*b - 6*t - 32 = -3*t, -t = 0. Calculate the remainder when 0 + 13 + (-8 - -9) is divided by b.
6
Calculate the remainder when 17 is divided by 4 + ((-1)/(-1) - -1 - 0).
5
What is the remainder when 3/(3/2) + 52 is divided by 19?
16
Let k be (-4)/(-6) - (-6)/(-9). Suppose k = 2*v + v - 15. Suppose 0 = r - g - 14, 3*g - 14 - 9 = -2*r. What is the remainder when r is divided by v?
3
Let q = 93 - 58. Calculate the remainder when 100 is divided by q.
30
Let h(p) = p**3 + 6*p**2 + 5*p + 5. Let m be 265/(-55) + 2/(-11). What is the remainder when 8 is divided by h(m)?
3
Let g(n) = n**3 + 4*n**2 + 2*n - 2. Let a be g(-2). Let m be -2 + 1 + a + 2. Suppose 0 = 4*c - m*c - 11. Calculate the remainder when 31 is divided by c.
9
Suppose -5*b = -7*b + 4. What is the remainder when 7 is divided by b?
1
Suppose -3*u - 5*j + 9 = -22, 4*u - 4*j - 20 = 0. What is the remainder when 19 is divided by u?
5
What is the remainder when (12/(-10))/(20/(-1050)) is divided by 13?
11
Let f(a) = -19*a**2 + 2*a. Let j(m) = 9*m**2 - m. Let n(z) = 6*f(z) + 13*j(z). What is the remainder when 7 is divided by n(1)?
1
Let o(x) = -x**3 - 4*x**2 - 5*x - 9. Calculate the remainder when 4/12*3*19 is divided by o(-4).
8
Suppose 4*l + 4*a = 0, a = 3*l - a. Suppose 2*p - 26 = -l*p. Calculate the remainder when p is divided by 7.
6
Let v(h) = -7*h + 39. What is the remainder when 12 is divided by v(5)?
0
Let y(b) = -b**3 - 2*b**2 + 2*b + 2. Let u be y(-4). Suppose -5*h + h - 2*r = -22, 2*r + u = 2*h. Calculate the remainder when h is divided by 3.
2
Suppose 0 = 5*h - w - 300, 0 = 2*h - 3*w - 130 + 23. Suppose 67 = -4*d - s, 3*s = -s + 4. Let z = d + 38. What is the remainder when h is divided by z?
19
Let u = 47 - -14. Suppose -4 = -5*p + u. Calculate the remainder when 38 is divided by p.
12
Suppose 3*f + 2*w + 2*w = 97, -2*f - 4*w = -66. Let o = -19 + f. Calculate the remainder when 35 is divided by o.
11
Suppose 2*w = 7*w - 30. Suppose -w*s + 4*s = v + 15, 3*s = -v - 23. Let q = -6 - s. What is the remainder when q is divided by 1?
0
Let m(r) = -r + 16. Let x be (-136)/(-20) - 2/(-10). Calculate the remainder when 16 is divided by m(x).
7
Let p be -33*3*(-2)/(-18). Let h = p - -15. Suppose h*l - 25 = 5*r + 36, -67 = -5*l - 3*r. Calculate the remainder when 40 is divided by l.
12
Suppose -4*v + 9*v = -2*a + 446, -2*v = -3*a - 186. What is the remainder when v is divided by 13?
12
Suppose 29 = 3*s - 5*a - 3, -s = -2*a - 12. Let m(w) = w**3 - 3*w**2 - 2*w + 3. What is the remainder when 2/4 - (-39)/2 is divided by m(s)?
9
Let u = -3 - -5. What is the remainder when 5 is divided by (-7)/(-7) + (u - 0)?
2
Let j = -2 - -12. Suppose 0 = -3*o + o - 2*s + 40, 0 = -o + s + 14. What is the remainder when o is divided by j?
7
Let y(p) = p**2 - 2*p + 8. Let x be y(5). Let h = 41 - x. What is the remainder when 35 is divided by h?
17
Let z = 140 + -94. Calculate the remainder when z is divided by 16.
14
Suppose l - 16 - 53 = 0. Calculate the remainder when l is divided by 36.
33
Let o(w) be the third derivative of 0 - 1/3*w**4 - 1/3*w**3 + 2*w**2 + 0*w. What is the remainder when 27 is divided by o(-2)?
13
Suppose -20 = -3*c - 5, -3*q - 11 = -c. Calculate the remainder when ((-180)/50)/(q/15) is divided by 15.
12
Suppose b + 3 = 4. Let h(z) = 11*z**2 + z - 1. What is the remainder when 21 is divided by h(b)?
10
Suppose 2*f - 2 - 1 = -k, 0 = -3*f + k + 17. Suppose f = -q, j + 34 = 3*j - 2*q. What is the remainder when 36 is divided by j?
10
Suppose 2*y + 0 - 2 = -v, -5*y = 5*v - 15. Calculate the remainder when 19 is divided by v.
3
Suppose -4*f = 4*x - 2*x - 16, -5*x - f + 4 = 0. Suppose x*i - 2*i - 36 = 0. What is the remainder when 18 is divided by ((-60)/i)/((-1)/(-3))?
8
Suppose -3*k + 5*f + 19 = k, 5*k + 4*f - 34 = 0. Let j be 6/9*(-9)/(-2). Suppose 3*l = 3 + j. What is the remainder when k is divided by l?
0
Let r(l) = -4*l - 14. Suppose 5*h - h - 16 = 0. Calculate the remainder when r(-6) is divided by h.
2
Suppose 3*z - 5*i = 319, -2*z - 2*i = -7*z + 519. What is the remainder when z is divided by (-130)/6*12/(-10)?
25
Suppose h = 2, 4*m - 2*m - 2*h + 6 = 0. Let d be (-14)/2 + 2 + m. Let u(o) = -8*o + 2. Calculate the remainder when u(d) is divided by 17.
16
Let q = -36 - -67. Calculate the remainder when q is divided by 17.
14
Suppose 3*s - m = -3*m + 303, -3*m = 2*s - 207. Suppose 3*i - i = u + 55, -3*i + u = -80. What is the remainder when s is divided by i?
24
Suppose -24 = -f - f. Calculate the remainder when 22 is divided by f.
10
What is the remainder when (5/2 - -3)*2 is divided by 6?
5
Suppose -3*c - 60 = -18. What is the remainder when (24/c)/(14/(-833)) is divided by 26?
24
Suppose -r = -4*r. Suppose r = 4*u + 35 - 191. Suppose 3*f - u = -0. Calculate the remainder when f is divided by 8.
5
Let f = 40 - 23. Let j = f - 3. Calculate the remainder when 5*((12 - -1) + -2) is divided by j.
13
Let n = -22 + 51. What is the remainder when 113 is divided by n?
26
Let r(d) = -d**3 + 4*d**2 + 5*d + 4. What is the remainder when r(-3) is divided by 18?
16
Let c be 7*-1 + -2 + 4. Let g be (1 + 1)*30/(-4). Let w = c - g. What is the remainder when 28 is divided by w?
8
Suppose -l = -4*l + 225. What is the remainder when l is divided by 19?
18
Let j be (3/6)/(2/(-24)). Let g(b) = -4*b + 5*b + 4*b + 6 + b**2. Calculate the remainder when 35 is divided by g(j).
11
Suppose 0 = 2*r - 0*r - 158. Suppose 3*p = 12, 5*o - 3*p - 75 - 48 = 0. What is the remainder when r is divided by o?
25
What is the remainder when 53 is divided by 2 - 52/(-4 + 2)?
25
Let z = -88 + 106. What is the remainder when z is divided by 7?
4
Let i(l) = l**2 + 13*l + 5. What is the remainder when 69 is divided by i(-15)?
34
Let b = -9 + 5. Let s(u) = u**2 + 3*u. What is the remainder when 13 is divided by s(b)?
1
Let a(w) = -10*w + 3. Let i be a(-3). Suppose -2*j = j - i. Let y(t) = 2*t**2 + 8*t + 7. Calculate the remainder when y(-6) is divided by j.
9
Let k = -11 - -27. Suppose o - k = w, 88 = 3*o + w + 4*w. What is the remainder when 60 is divided by o?
18
Suppose 2*j + 2 = 0, 5*c - 2*j + 23 = 6*c. What is the remainder when 74 is divided by c?
24
Let l(t) = 22*t**2 + 4*t - 2. Let o(g) = 33*g**2 + 6*g - 3. Let x(j) = 8*l(j) - 5*o(j). What is the remainder when 21 is divided by x(1)?
9
Suppose -2*m = 3*l + m - 27, -3*l - 2*m + 32 = 0. Calculate the remainder when 52 is divided by l.
10
Let p = -5 + 9. Suppose 5*k + 4 = -3*t + 1, 0 = -2*k + 3*t + 3. Suppose 3*r = -5*v + 60, -4*v + 51 = -k*v + 3*r. What is the remainder when v is divided by p?
1
Suppose 3*c + 3*t - 1365 = 0, 3*c + 2*t - 1375 = t. Suppose -v + 6*v - c = 0. Let m = v - 52. What is the remainder when m is divided by 14?
12
Suppose 4*v = 5*v - 13. What is the remainder when v is divided by 8?
5
Let s(b) = 29*b**2 - b. Suppose g + 1 = -4*u, 5*u + 3*g + 6 = -4. Let q = 9 + 6. Calculate the remainder when s(u) is divided by q.
13
Let k(c) = -c**2 - 6*c - 6. Suppose -5*y = -2*y. Suppose 0 = -3*n - 3*w + 18, -n + y*n + 2*w - 9 = 0. Calculate the remainder when k(-4) is divided by n.
0
Suppose -5*x + 2*w = -74, 0 = 4*x - 0*w - 4*w - 64. Let f = -14 - -27. Suppose -11 = -3*p + f. Calculate the remainder when x is divided by p.
6
Suppose 9*m + 287 = 16*m. What is the remainder when m is divided by 22?
19
Suppose 5*a - 41 = -2*y, 5*y = -a - 4*a + 140. Calculate the remainder when y is divided by 10.
3
Let t = -171 + 425. What is the remainder when t is divided by 51?
50
Let l be (-6)/9 - 4/(-6). Suppose 0 = 5*p - 2*h - 66, 6*p - p + 5*h - 80 = l. Calculate the remainder when 26 is d